{"id":28,"date":"2022-11-08T18:48:16","date_gmt":"2022-11-08T18:48:16","guid":{"rendered":"http:\/\/dwich.de\/?page_id=28"},"modified":"2022-11-14T18:50:50","modified_gmt":"2022-11-14T18:50:50","slug":"aktuelles","status":"publish","type":"page","link":"https:\/\/dwich.de\/?page_id=28","title":{"rendered":"Aktuelle Beitr\u00e4ge"},"content":{"rendered":"\n<p>Ganz so aktuell sind diese Beitr\u00e4ge nicht mehr. Da ich meine Seite grade neu aufbaue findet Ihr hier \u00e4ltere Beitr\u00e4ge welche importiert wurden.<\/p>\n\n\n<ul class=\"wp-block-latest-posts__list has-dates wp-block-latest-posts\"><li><a class=\"wp-block-latest-posts__post-title\" href=\"https:\/\/dwich.de\/?p=290\">Shelly Monitor (Part 1)<\/a><time datetime=\"2023-05-08T18:41:25+00:00\" class=\"wp-block-latest-posts__post-date\">8. Mai 2023<\/time><div class=\"wp-block-latest-posts__post-excerpt\"><\/div><\/li>\n<li><a class=\"wp-block-latest-posts__post-title\" href=\"https:\/\/dwich.de\/?p=253\">Gesch\u00e4ftsprozesse und C4<\/a><time datetime=\"2021-06-20T18:15:05+00:00\" class=\"wp-block-latest-posts__post-date\">20. Juni 2021<\/time><div class=\"wp-block-latest-posts__post-excerpt\">In den letzten Tagen habe ich mir ein paar Gedanken zu den ersten Gesch\u00e4ftsprozessen gemacht. Generell denke ich das f\u00fcr den Start 2 GP relevant sind. Als erstes habe ich mir die Reservierung per E-Mail geschnappt. Dabei arbeite ich gerne mit draw.io (in der lokalen Installation). Theoretisch k\u00f6nnte ich GP<\/div><\/li>\n<li><a class=\"wp-block-latest-posts__post-title\" href=\"https:\/\/dwich.de\/?p=250\">Projekt Setup 1<\/a><time datetime=\"2021-06-16T20:07:23+00:00\" class=\"wp-block-latest-posts__post-date\">16. Juni 2021<\/time><div class=\"wp-block-latest-posts__post-excerpt\">In den letzten Tagen habe ich das Projekt in IntelliJ aufgesetzt und die ersten Unterverzeichnisse \/ Projekt-Module eingerichtet. Das Ergebnis sieht wie folgt aus Generell werde ich mich beim spring-boot Cloud stack bedienen, daher ist ein erstes Spring-Module angelegt. (Hier der configserver)Ein weiteres Modul ist die Projektdokumentation. Diese habe ich<\/div><\/li>\n<li><a class=\"wp-block-latest-posts__post-title\" href=\"https:\/\/dwich.de\/?p=247\">Von einer Idee zur fertigen Software<\/a><time datetime=\"2021-06-12T21:24:39+00:00\" class=\"wp-block-latest-posts__post-date\">12. Juni 2021<\/time><div class=\"wp-block-latest-posts__post-excerpt\">Planung, Durchf\u00fchrung und Dokumentation eines mittelgro\u00dfen Java \/ Web Projektes in n Akten Softwareprojekte unendliche WeitenWir schreiben das Jahr 2021\u2026. In diesem Blog werde ich meine Vorstellungen \u00fcber ein erfolgreiches Software-Projekt beschreiben.Die Idee f\u00fcr das Projekt ist in einem Kurzurlaub entstanden, nach den ersten Skizzen ist dann zus\u00e4tzlich die Idee<\/div><\/li>\n<\/ul>","protected":false},"excerpt":{"rendered":"<p>Ganz so aktuell sind diese Beitr\u00e4ge nicht mehr. Da ich meine Seite grade neu aufbaue findet Ihr hier \u00e4ltere Beitr\u00e4ge welche importiert wurden.<\/p>\n","protected":false},"author":1,"featured_media":0,"parent":0,"menu_order":0,"comment_status":"closed","ping_status":"closed","template":"","meta":{"footnotes":""},"class_list":["post-28","page","type-page","status-publish","hentry","two-columns"],"jetpack_sharing_enabled":true,"_links":{"self":[{"href":"https:\/\/dwich.de\/index.php?rest_route=\/wp\/v2\/pages\/28","targetHints":{"allow":["GET"]}}],"collection":[{"href":"https:\/\/dwich.de\/index.php?rest_route=\/wp\/v2\/pages"}],"about":[{"href":"https:\/\/dwich.de\/index.php?rest_route=\/wp\/v2\/types\/page"}],"author":[{"embeddable":true,"href":"https:\/\/dwich.de\/index.php?rest_route=\/wp\/v2\/users\/1"}],"replies":[{"embeddable":true,"href":"https:\/\/dwich.de\/index.php?rest_route=%2Fwp%2Fv2%2Fcomments&post=28"}],"version-history":[{"count":4,"href":"https:\/\/dwich.de\/index.php?rest_route=\/wp\/v2\/pages\/28\/revisions"}],"predecessor-version":[{"id":260,"href":"https:\/\/dwich.de\/index.php?rest_route=\/wp\/v2\/pages\/28\/revisions\/260"}],"wp:attachment":[{"href":"https:\/\/dwich.de\/index.php?rest_route=%2Fwp%2Fv2%2Fmedia&parent=28"}],"curies":[{"name":"wp","href":"https:\/\/api.w.org\/{rel}","templated":true}]}}